{"id":33,"date":"2019-04-22T08:39:20","date_gmt":"2019-04-22T08:39:20","guid":{"rendered":"http:\/\/lpstgjiu.ro\/?page_id=33"},"modified":"2025-10-23T15:11:58","modified_gmt":"2025-10-23T12:11:58","slug":"internationale","status":"publish","type":"page","link":"https:\/\/lpstgjiu.ro\/index.php\/internationale\/","title":{"rendered":"Interna\u021bionale"},"content":{"rendered":"\n<div class=\"wp-block-button is-style-default\"><a class=\"wp-block-button__link has-very-dark-gray-color has-very-light-gray-background-color has-text-color has-background wp-element-button\" href=\"http:\/\/lpstgjiu.ro\/index.php\/proiecte\/\">\u00cenapoi<\/a><\/div>\n\n\n\n<div style=\"height:26px\" aria-hidden=\"true\" class=\"wp-block-spacer\"><\/div>\n\n\n<div class=\"wp-block-image\">\n<figure class=\"aligncenter size-full\"><img fetchpriority=\"high\" decoding=\"async\" width=\"410\" height=\"123\" src=\"https:\/\/lpstgjiu.ro\/wp-content\/uploads\/2025\/10\/Proiect1.jpeg\" alt=\"\" class=\"wp-image-2464\" srcset=\"https:\/\/lpstgjiu.ro\/wp-content\/uploads\/2025\/10\/Proiect1.jpeg 410w, https:\/\/lpstgjiu.ro\/wp-content\/uploads\/2025\/10\/Proiect1-300x90.jpeg 300w\" sizes=\"(max-width: 410px) 100vw, 410px\" \/><\/figure>\n<\/div>\n\n<div class=\"wp-block-image\">\n<figure class=\"aligncenter size-full is-resized\"><img decoding=\"async\" width=\"921\" height=\"926\" src=\"https:\/\/lpstgjiu.ro\/wp-content\/uploads\/2025\/10\/Proiect.jpeg\" alt=\"\" class=\"wp-image-2467\" style=\"width:406px;height:auto\" srcset=\"https:\/\/lpstgjiu.ro\/wp-content\/uploads\/2025\/10\/Proiect.jpeg 921w, https:\/\/lpstgjiu.ro\/wp-content\/uploads\/2025\/10\/Proiect-298x300.jpeg 298w, https:\/\/lpstgjiu.ro\/wp-content\/uploads\/2025\/10\/Proiect-150x150.jpeg 150w, https:\/\/lpstgjiu.ro\/wp-content\/uploads\/2025\/10\/Proiect-768x772.jpeg 768w, https:\/\/lpstgjiu.ro\/wp-content\/uploads\/2025\/10\/Proiect-270x270.jpeg 270w, https:\/\/lpstgjiu.ro\/wp-content\/uploads\/2025\/10\/Proiect-230x230.jpeg 230w\" sizes=\"(max-width: 921px) 100vw, 921px\" \/><\/figure>\n<\/div>\n\n\n<div style=\"height:32px\" aria-hidden=\"true\" class=\"wp-block-spacer\"><\/div>\n\n\n\n<pre class=\"wp-block-verse\">    <strong>Cultural Kaleidoscope \u2013 Proiect interna\u021bional la Liceul cu Program Sportiv T\u00e2rgu Jiu<\/strong><br>      Elevii Liceului cu Program Sportiv T\u00e2rgu Jiu particip\u0103, \u00een perioada urm\u0103toare, la proiectul interna\u021bional                                            \u201eCultural Kaleidoscope\u201d, coordonat de prof. Alice Dijmarescu. Activitatea reune\u0219te \u0219coli din mai multe \u021b\u0103ri \u0219i  se desf\u0103\u0219oar\u0103 pe o durat\u0103 de trei luni, av\u00e2nd ca scop promovarea diversit\u0103\u021bii culturale, a colabor\u0103rii interna\u021bionale \u0219i a spiritului sportiv.<br>        Obiectivele proiectului<br>      \u2022 Dezvoltarea competen\u021belor de comunicare \u00een limba englez\u0103 prin colaborarea cu elevi din alte \u021b\u0103ri;<br>      \u2022 \u00cembun\u0103t\u0103\u021birea competen\u021belor digitale prin realizarea de videoclipuri, prezent\u0103ri \u0219i expozi\u021bii virtuale;<br>      \u2022 Cunoa\u0219terea \u0219i aprecierea diversit\u0103\u021bii culturale prin schimbul de tradi\u021bii, jocuri \u0219i dansuri specifice;<br>      \u2022 Stimularea creativit\u0103\u021bii, a spiritului de echip\u0103 \u0219i a implic\u0103rii \u00een activit\u0103\u021bi sportive.<br>         Activit\u0103\u021bi<br>     Pe parcursul proiectului, elevii vor realiza:<br>   \u2022 videoclipuri \u0219i postere de prezentare;<br>   \u2022 schimburi virtuale de tradi\u021bii, re\u021bete, c\u00e2ntece \u0219i jocuri sportive;<br>   \u2022 expozi\u021bii online cu desene, fotografii \u0219i clipuri video;<br>   \u2022 \u00eent\u00e2lniri lunare pe platforma TwinSpace pentru a discuta \u0219i reflecta asupra activit\u0103\u021bilor realizate.<br>     Rezultate a\u0219teptate<br>\u2022 Un dic\u021bionar ilustrat online de cuvinte \u0219i expresii culturale \u0219i sportive;<br>\u2022 O colec\u021bie digital\u0103 de c\u00e2ntece, jocuri, activit\u0103\u021bi sportive \u0219i materiale culturale;<br>\u2022 O expozi\u021bie virtual\u0103 interna\u021bional\u0103;<br>\u2022 Dezvoltarea competen\u021belor de comunicare, digitale, interculturale \u0219i fizice ale elevilor.<br>       Motto-ul proiectului<br>   \u201eExploring Cultures, Sharing Creativity and Movement, Building Connections\u201d<br>(Explor\u0103m culturi, \u00eemp\u0103rt\u0103\u0219im creativitate \u0219i mi\u0219care, construim leg\u0103turi.)<br>Proiectul \u201eCultural Kaleidoscope\u201d ofer\u0103 elevilor oportunitatea de a descoperi diversitatea lumii prin art\u0103, mi\u0219care \u0219i colaborare, promov\u00e2nd totodat\u0103 valorile prieteniei \u0219i respectului intercultural.<\/pre>\n\n\n\n<ul class=\"wp-block-list\">\n<li><strong><a href=\"http:\/\/lpstgjiu.ro\/index.php\/erasmus\/\">Erasmus<\/a><\/strong><\/li>\n\n\n\n<li><strong><a href=\"http:\/\/lpstgjiu.ro\/index.php\/rose\/\">ROSE<\/a><\/strong><\/li>\n<\/ul>\n\n\n\n<p><\/p>\n\n\n\n<p><\/p>\n","protected":false},"excerpt":{"rendered":"<p>Cultural Kaleidoscope \u2013 Proiect interna\u021bional la Liceul cu Program Sportiv T\u00e2rgu Jiu Elevii Liceului cu Program Sportiv T\u00e2rgu Jiu particip\u0103, \u00een perioada urm\u0103toare, la proiectul interna\u021bional \u201eCultural Kaleidoscope\u201d, coordonat de prof. Alice Dijmarescu. Activitatea reune\u0219te \u0219coli din mai multe \u021b\u0103ri \u0219i se desf\u0103\u0219oar\u0103 pe o durat\u0103 de trei luni, av\u00e2nd ca scop promovarea diversit\u0103\u021bii culturale,\u2026 <span class=\"read-more\"><a href=\"https:\/\/lpstgjiu.ro\/index.php\/internationale\/\">Cite\u0219te mai mult &raquo;<\/a><\/span><\/p>\n","protected":false},"author":1,"featured_media":0,"parent":0,"menu_order":0,"comment_status":"closed","ping_status":"closed","template":"","meta":{"_uag_custom_page_level_css":"","footnotes":""},"class_list":["post-33","page","type-page","status-publish","hentry"],"uagb_featured_image_src":{"full":false,"thumbnail":false,"medium":false,"medium_large":false,"large":false,"1536x1536":false,"2048x2048":false,"post-thumbnail":false,"excerpt-thumbnail":false,"excerpt-thumbnail-mobile":false,"rpwe-thumbnail":false},"uagb_author_info":{"display_name":"Liana Popovici","author_link":"https:\/\/lpstgjiu.ro\/index.php\/author\/vuddxbj7cn\/"},"uagb_comment_info":0,"uagb_excerpt":"Cultural Kaleidoscope \u2013 Proiect interna\u021bional la Liceul cu Program Sportiv T\u00e2rgu Jiu Elevii Liceului cu Program Sportiv T\u00e2rgu Jiu particip\u0103, \u00een perioada urm\u0103toare, la proiectul interna\u021bional \u201eCultural Kaleidoscope\u201d, coordonat de prof. Alice Dijmarescu. Activitatea reune\u0219te \u0219coli din mai multe \u021b\u0103ri \u0219i se desf\u0103\u0219oar\u0103 pe o durat\u0103 de trei luni, av\u00e2nd ca scop promovarea diversit\u0103\u021bii culturale,\u2026&hellip;","_links":{"self":[{"href":"https:\/\/lpstgjiu.ro\/index.php\/wp-json\/wp\/v2\/pages\/33","targetHints":{"allow":["GET"]}}],"collection":[{"href":"https:\/\/lpstgjiu.ro\/index.php\/wp-json\/wp\/v2\/pages"}],"about":[{"href":"https:\/\/lpstgjiu.ro\/index.php\/wp-json\/wp\/v2\/types\/page"}],"author":[{"embeddable":true,"href":"https:\/\/lpstgjiu.ro\/index.php\/wp-json\/wp\/v2\/users\/1"}],"replies":[{"embeddable":true,"href":"https:\/\/lpstgjiu.ro\/index.php\/wp-json\/wp\/v2\/comments?post=33"}],"version-history":[{"count":19,"href":"https:\/\/lpstgjiu.ro\/index.php\/wp-json\/wp\/v2\/pages\/33\/revisions"}],"predecessor-version":[{"id":2481,"href":"https:\/\/lpstgjiu.ro\/index.php\/wp-json\/wp\/v2\/pages\/33\/revisions\/2481"}],"wp:attachment":[{"href":"https:\/\/lpstgjiu.ro\/index.php\/wp-json\/wp\/v2\/media?parent=33"}],"curies":[{"name":"wp","href":"https:\/\/api.w.org\/{rel}","templated":true}]}}