{"id":2877,"date":"2026-03-23T13:58:36","date_gmt":"2026-03-23T10:58:36","guid":{"rendered":"https:\/\/lpstgjiu.ro\/?page_id=2877"},"modified":"2026-03-23T14:29:09","modified_gmt":"2026-03-23T11:29:09","slug":"twinning","status":"publish","type":"page","link":"https:\/\/lpstgjiu.ro\/index.php\/twinning\/","title":{"rendered":"eTwinning"},"content":{"rendered":"\t\t<div data-elementor-type=\"wp-page\" data-elementor-id=\"2877\" class=\"elementor elementor-2877\">\n\t\t\t\t\t\t<section class=\"elementor-section elementor-top-section elementor-element elementor-element-7a0d96b5 elementor-section-boxed elementor-section-height-default elementor-section-height-default\" data-id=\"7a0d96b5\" data-element_type=\"section\" data-e-type=\"section\">\n\t\t\t\t\t\t<div class=\"elementor-container elementor-column-gap-default\">\n\t\t\t\t\t<div class=\"elementor-column elementor-col-100 elementor-top-column elementor-element elementor-element-6ace1\" data-id=\"6ace1\" data-element_type=\"column\" data-e-type=\"column\">\n\t\t\t<div class=\"elementor-widget-wrap elementor-element-populated\">\n\t\t\t\t\t\t<div class=\"elementor-element elementor-element-63613dc0 elementor-widget elementor-widget-text-editor\" data-id=\"63613dc0\" data-element_type=\"widget\" data-e-type=\"widget\" data-widget_type=\"text-editor.default\">\n\t\t\t\t<div class=\"elementor-widget-container\">\n\t\t\t\t\t\t\t\t\t<p><div class=\"wp-block-image\"><\/p>\n<figure class=\"aligncenter size-full is-resized\"><img fetchpriority=\"high\" decoding=\"async\" width=\"409\" height=\"409\" class=\"wp-image-2880\" style=\"width: 609px; height: auto;\" src=\"https:\/\/lpstgjiu.ro\/wp-content\/uploads\/2026\/03\/a1.jpeg\" alt=\"\" srcset=\"https:\/\/lpstgjiu.ro\/wp-content\/uploads\/2026\/03\/a1.jpeg 409w, https:\/\/lpstgjiu.ro\/wp-content\/uploads\/2026\/03\/a1-300x300.jpeg 300w, https:\/\/lpstgjiu.ro\/wp-content\/uploads\/2026\/03\/a1-150x150.jpeg 150w, https:\/\/lpstgjiu.ro\/wp-content\/uploads\/2026\/03\/a1-45x45.jpeg 45w\" sizes=\"(max-width: 409px) 100vw, 409px\" \/><\/figure>\n<p><\/div><\/p>\n<h2 class=\"wp-block-heading\">&nbsp; &nbsp; &nbsp; &nbsp; &nbsp; &nbsp; &nbsp; &nbsp; &nbsp; &nbsp; &nbsp; &nbsp; &nbsp; &nbsp; &nbsp; &nbsp; &nbsp; &nbsp; &nbsp; &nbsp; &nbsp; &nbsp; ,, Do You Want to Be My Friend?\u201d<\/h2>\n<p><\/p>\n<p><strong>&nbsp; &nbsp; &nbsp; &nbsp; &nbsp; &nbsp; &nbsp; &nbsp;Liceul cu Program Sportiv T\u00e2rgu Jiu continu\u0103 implicarea \u00een proiecte educa\u021bionale interna\u021bionale prin participarea la cel de-al doilea proiect eTwinning, intitulat \u201eDo You Want to Be My Friend?\u201d, coordonat de doamna profesor Dijm\u0103rescu Alice. Proiectul se desf\u0103\u0219oar\u0103 pe o perioad\u0103 de aproximativ 4\u20135 luni \u0219i reune\u0219te elevi cu v\u00e2rste \u00eentre 7 \u0219i 18 ani, care colaboreaz\u0103 \u00een echipe interna\u021bionale \u0219i comunic\u0103 \u00een limba englez\u0103, av\u00e2nd ca scop principal dezvoltarea rela\u021biilor de prietenie, a empatiei \u0219i a spiritului de incluziune.<\/strong><\/p>\n<p><\/p>\n<p><strong>&nbsp; &nbsp; &nbsp; &nbsp; &nbsp; &nbsp; &nbsp; Prin intermediul unor activit\u0103\u021bi variate \u0219i atractive \u2013 realizarea de videoclipuri, postere digitale, c\u00e2ntece, pove\u0219ti, jocuri \u0219i activit\u0103\u021bi sportive \u2013 elevii exploreaz\u0103 ce \u00eenseamn\u0103 s\u0103 fii un bun prieten, cum s\u0103 comunici respectuos \u0219i cum s\u0103 accep\u021bi diversitatea. \u00cen acela\u0219i timp, proiectul contribuie la dezvoltarea competen\u021belor sociale \u0219i emo\u021bionale, la \u00eembun\u0103t\u0103\u021birea comunic\u0103rii \u00een limba englez\u0103, la consolidarea competen\u021belor digitale \u0219i la promovarea unor atitudini pozitive, precum respectu.<\/strong><\/p>\n<p><\/p>\n<div class=\"wp-block-spacer\" style=\"height: 25px;\" aria-hidden=\"true\">&nbsp;<\/div>\n<p><div class=\"wp-block-image\"><\/p>\n<figure class=\"aligncenter size-large\"><img decoding=\"async\" width=\"1024\" height=\"683\" class=\"wp-image-2885\" src=\"https:\/\/lpstgjiu.ro\/wp-content\/uploads\/2026\/03\/a2-1024x683.jpeg\" alt=\"\" srcset=\"https:\/\/lpstgjiu.ro\/wp-content\/uploads\/2026\/03\/a2-1024x683.jpeg 1024w, https:\/\/lpstgjiu.ro\/wp-content\/uploads\/2026\/03\/a2-300x200.jpeg 300w, https:\/\/lpstgjiu.ro\/wp-content\/uploads\/2026\/03\/a2-768x512.jpeg 768w, https:\/\/lpstgjiu.ro\/wp-content\/uploads\/2026\/03\/a2-660x440.jpeg 660w, https:\/\/lpstgjiu.ro\/wp-content\/uploads\/2026\/03\/a2.jpeg 1536w\" sizes=\"(max-width: 1024px) 100vw, 1024px\" \/><\/figure>\n<p><\/div><\/p>\n<h2 class=\"wp-block-heading has-text-align-center\">\u201eMelody of My Mother Tongue\u201d<\/h2>\n<p><\/p>\n<p><strong>&nbsp; &nbsp; &nbsp; &nbsp; &nbsp; &nbsp;Liceul cu Program Sportiv T\u00e2rgu Jiu \u00ee\u0219i consolideaz\u0103 dimensiunea european\u0103 prin participarea la proiectul eTwinning \u201eMelody of My Mother Tongue\u201d, \u00een care doamna profesor Alice Dijm\u0103rescu are rolul de co-fondator.<br>Acest proiect interna\u021bional aduce \u00eempreun\u0103 elevi din mai multe \u021b\u0103ri, oferindu-le oportunitatea de a descoperi frumuse\u021bea \u0219i diversitatea limbilor materne prin muzic\u0103, ritm \u0219i expresie artistic\u0103. Activit\u0103\u021bile propuse \u00eembin\u0103 elemente de limb\u0103, cultur\u0103 \u0219i creativitate, \u00eencuraj\u00e2nd elevii s\u0103 \u00ee\u0219i valorifice identitatea cultural\u0103 \u0219i s\u0103 o \u00eemp\u0103rt\u0103\u0219easc\u0103 partenerilor europeni.<br>&nbsp; &nbsp; &nbsp; &nbsp; &nbsp; Pe parcursul proiectului, elevii vor crea \u0219i interpreta c\u00e2ntece, vor realiza materiale audio \u0219i video, vor explora tradi\u021bii \u0219i expresii specifice limbii materne \u0219i vor colabora \u00een echipe interna\u021bionale. Astfel, ace\u0219tia \u00ee\u0219i vor dezvolta competen\u021bele lingvistice, digitale \u0219i interculturale, dar \u0219i \u00eencrederea \u00een sine \u0219i spiritul de echip\u0103.<br>Proiectul promoveaz\u0103 respectul pentru diversitate, dialogul intercult.<\/strong><\/p>\n<p><\/p>\n<figure class=\"wp-block-gallery has-nested-images columns-default is-cropped wp-block-gallery-3 is-layout-flex wp-block-gallery-is-layout-flex\"><p><\/p>\n<figure class=\"wp-block-image size-large\"><img decoding=\"async\" width=\"533\" height=\"743\" data-id=\"2889\" class=\"wp-image-2889\" src=\"https:\/\/lpstgjiu.ro\/wp-content\/uploads\/2026\/03\/a3.jpeg\" alt=\"\" srcset=\"https:\/\/lpstgjiu.ro\/wp-content\/uploads\/2026\/03\/a3.jpeg 533w, https:\/\/lpstgjiu.ro\/wp-content\/uploads\/2026\/03\/a3-215x300.jpeg 215w\" sizes=\"(max-width: 533px) 100vw, 533px\" \/><\/figure>\n<p><\/p>\n<figure class=\"wp-block-image size-large\"><img loading=\"lazy\" decoding=\"async\" width=\"1024\" height=\"1024\" data-id=\"2890\" class=\"wp-image-2890\" src=\"https:\/\/lpstgjiu.ro\/wp-content\/uploads\/2026\/03\/a4-1024x1024.jpeg\" alt=\"\" srcset=\"https:\/\/lpstgjiu.ro\/wp-content\/uploads\/2026\/03\/a4-1024x1024.jpeg 1024w, https:\/\/lpstgjiu.ro\/wp-content\/uploads\/2026\/03\/a4-300x300.jpeg 300w, https:\/\/lpstgjiu.ro\/wp-content\/uploads\/2026\/03\/a4-150x150.jpeg 150w, https:\/\/lpstgjiu.ro\/wp-content\/uploads\/2026\/03\/a4-768x768.jpeg 768w, https:\/\/lpstgjiu.ro\/wp-content\/uploads\/2026\/03\/a4-1536x1536.jpeg 1536w, https:\/\/lpstgjiu.ro\/wp-content\/uploads\/2026\/03\/a4-660x660.jpeg 660w, https:\/\/lpstgjiu.ro\/wp-content\/uploads\/2026\/03\/a4-45x45.jpeg 45w, https:\/\/lpstgjiu.ro\/wp-content\/uploads\/2026\/03\/a4.jpeg 1600w\" sizes=\"(max-width: 1024px) 100vw, 1024px\" \/><\/figure>\n<p><\/p>\n<figure class=\"wp-block-image size-large\"><img loading=\"lazy\" decoding=\"async\" width=\"724\" height=\"1024\" data-id=\"2888\" class=\"wp-image-2888\" src=\"https:\/\/lpstgjiu.ro\/wp-content\/uploads\/2026\/03\/a5-724x1024.jpeg\" alt=\"\" srcset=\"https:\/\/lpstgjiu.ro\/wp-content\/uploads\/2026\/03\/a5-724x1024.jpeg 724w, https:\/\/lpstgjiu.ro\/wp-content\/uploads\/2026\/03\/a5-212x300.jpeg 212w, https:\/\/lpstgjiu.ro\/wp-content\/uploads\/2026\/03\/a5-768x1086.jpeg 768w, https:\/\/lpstgjiu.ro\/wp-content\/uploads\/2026\/03\/a5-1086x1536.jpeg 1086w, https:\/\/lpstgjiu.ro\/wp-content\/uploads\/2026\/03\/a5-660x934.jpeg 660w, https:\/\/lpstgjiu.ro\/wp-content\/uploads\/2026\/03\/a5.jpeg 1131w\" sizes=\"(max-width: 724px) 100vw, 724px\" \/><\/figure>\n<p><\/p>\n<\/figure>\n<p><\/p>\n<figure class=\"wp-block-image size-full\"><img loading=\"lazy\" decoding=\"async\" width=\"1024\" height=\"1024\" class=\"wp-image-2892\" src=\"https:\/\/lpstgjiu.ro\/wp-content\/uploads\/2026\/03\/a88.jpeg\" alt=\"\" srcset=\"https:\/\/lpstgjiu.ro\/wp-content\/uploads\/2026\/03\/a88.jpeg 1024w, https:\/\/lpstgjiu.ro\/wp-content\/uploads\/2026\/03\/a88-300x300.jpeg 300w, https:\/\/lpstgjiu.ro\/wp-content\/uploads\/2026\/03\/a88-150x150.jpeg 150w, https:\/\/lpstgjiu.ro\/wp-content\/uploads\/2026\/03\/a88-768x768.jpeg 768w, https:\/\/lpstgjiu.ro\/wp-content\/uploads\/2026\/03\/a88-660x660.jpeg 660w, https:\/\/lpstgjiu.ro\/wp-content\/uploads\/2026\/03\/a88-45x45.jpeg 45w\" sizes=\"(max-width: 1024px) 100vw, 1024px\" \/><\/figure>\n<p><\/p>\n<h2 class=\"wp-block-heading has-text-align-center\">\u201eAI for a Greener Future\u201d<\/h2>\n<p><\/p>\n<p>&nbsp; &nbsp; &nbsp; &nbsp; &nbsp; Liceul cu Program Sportiv T\u00e2rgu Jiu se implic\u0103 activ \u00een educa\u021bia pentru viitor prin participarea la proiectul eTwinning \u201eAI for a Greener Future\u201d, \u00een cadrul c\u0103ruia elevii \u0219i profesorii contribuie la explorarea modului \u00een care tehnologia poate sprijini protejarea mediului.<br>&nbsp; &nbsp; &nbsp; &nbsp; Proiectul aduce \u00eempreun\u0103 parteneri interna\u021bionali \u0219i \u00ee\u0219i propune s\u0103 dezvolte con\u0219tientizarea problemelor de mediu, utiliz\u00e2nd instrumente de inteligen\u021b\u0103 artificial\u0103 pentru a identifica solu\u021bii inovatoare \u0219i sustenabile. Elevii vor participa la activit\u0103\u021bi interactive, vor analiza impactul tehnologiei asupra mediului \u0219i vor crea produse digitale care promoveaz\u0103 un stil de via\u021b\u0103 responsabil. <br>&nbsp; &nbsp; &nbsp; &nbsp;Prin acest proiect, participan\u021bii \u00ee\u0219i dezvolt\u0103 competen\u021bele digitale, g\u00e2ndirea critic\u0103 \u0219i spiritul de ini\u021biativ\u0103, \u00eenv\u0103\u021b\u00e2nd s\u0103 foloseasc\u0103 tehnologia \u00een mod creativ \u0219i responsabil pentru un viitor mai verde.<br>&nbsp; &nbsp; &nbsp; &nbsp;Implicarea \u00een astfel de ini\u021biative confirm\u0103 preocuparea liceului nostru pentru educa\u021bia modern\u0103, orientat\u0103 spre sustenabilit.<\/p>\n<p><\/p>\n<figure class=\"wp-block-gallery has-nested-images columns-default is-cropped wp-block-gallery-4 is-layout-flex wp-block-gallery-is-layout-flex\"><p><\/p>\n<figure class=\"wp-block-image size-large\"><img loading=\"lazy\" decoding=\"async\" width=\"300\" height=\"388\" data-id=\"2896\" class=\"wp-image-2896\" src=\"https:\/\/lpstgjiu.ro\/wp-content\/uploads\/2026\/03\/a89.jpeg\" alt=\"\" srcset=\"https:\/\/lpstgjiu.ro\/wp-content\/uploads\/2026\/03\/a89.jpeg 300w, https:\/\/lpstgjiu.ro\/wp-content\/uploads\/2026\/03\/a89-232x300.jpeg 232w\" sizes=\"(max-width: 300px) 100vw, 300px\" \/><\/figure>\n<p><\/p>\n<figure class=\"wp-block-image size-large\"><img loading=\"lazy\" decoding=\"async\" width=\"534\" height=\"617\" data-id=\"2894\" class=\"wp-image-2894\" src=\"https:\/\/lpstgjiu.ro\/wp-content\/uploads\/2026\/03\/a90.jpeg\" alt=\"\" srcset=\"https:\/\/lpstgjiu.ro\/wp-content\/uploads\/2026\/03\/a90.jpeg 534w, https:\/\/lpstgjiu.ro\/wp-content\/uploads\/2026\/03\/a90-260x300.jpeg 260w\" sizes=\"(max-width: 534px) 100vw, 534px\" \/><\/figure>\n<p><\/p>\n<figure class=\"wp-block-image size-large\"><img loading=\"lazy\" decoding=\"async\" width=\"517\" height=\"789\" data-id=\"2895\" class=\"wp-image-2895\" src=\"https:\/\/lpstgjiu.ro\/wp-content\/uploads\/2026\/03\/a91.jpeg\" alt=\"\" srcset=\"https:\/\/lpstgjiu.ro\/wp-content\/uploads\/2026\/03\/a91.jpeg 517w, https:\/\/lpstgjiu.ro\/wp-content\/uploads\/2026\/03\/a91-197x300.jpeg 197w\" sizes=\"(max-width: 517px) 100vw, 517px\" \/><\/figure>\n<p><\/p>\n<figure class=\"wp-block-image size-large\"><img loading=\"lazy\" decoding=\"async\" width=\"683\" height=\"1024\" data-id=\"2898\" class=\"wp-image-2898\" src=\"https:\/\/lpstgjiu.ro\/wp-content\/uploads\/2026\/03\/a92-683x1024.jpeg\" alt=\"\" srcset=\"https:\/\/lpstgjiu.ro\/wp-content\/uploads\/2026\/03\/a92-683x1024.jpeg 683w, https:\/\/lpstgjiu.ro\/wp-content\/uploads\/2026\/03\/a92-200x300.jpeg 200w, https:\/\/lpstgjiu.ro\/wp-content\/uploads\/2026\/03\/a92-768x1152.jpeg 768w, https:\/\/lpstgjiu.ro\/wp-content\/uploads\/2026\/03\/a92-660x990.jpeg 660w, https:\/\/lpstgjiu.ro\/wp-content\/uploads\/2026\/03\/a92.jpeg 1024w\" sizes=\"(max-width: 683px) 100vw, 683px\" \/><\/figure>\n<p><\/p>\n<figure class=\"wp-block-image size-large\"><img loading=\"lazy\" decoding=\"async\" width=\"683\" height=\"1024\" data-id=\"2897\" class=\"wp-image-2897\" src=\"https:\/\/lpstgjiu.ro\/wp-content\/uploads\/2026\/03\/a93-683x1024.jpeg\" alt=\"\" srcset=\"https:\/\/lpstgjiu.ro\/wp-content\/uploads\/2026\/03\/a93-683x1024.jpeg 683w, https:\/\/lpstgjiu.ro\/wp-content\/uploads\/2026\/03\/a93-200x300.jpeg 200w, https:\/\/lpstgjiu.ro\/wp-content\/uploads\/2026\/03\/a93-768x1152.jpeg 768w, https:\/\/lpstgjiu.ro\/wp-content\/uploads\/2026\/03\/a93-660x990.jpeg 660w, https:\/\/lpstgjiu.ro\/wp-content\/uploads\/2026\/03\/a93.jpeg 1024w\" sizes=\"(max-width: 683px) 100vw, 683px\" \/><\/figure>\n<p><\/p>\n<\/figure>\n<p><\/p>\t\t\t\t\t\t\t\t<\/div>\n\t\t\t\t<\/div>\n\t\t\t\t\t<\/div>\n\t\t<\/div>\n\t\t\t\t\t<\/div>\n\t\t<\/section>\n\t\t\t\t<\/div>\n\t\t","protected":false},"excerpt":{"rendered":"<p>&nbsp; &nbsp; &nbsp; &nbsp; &nbsp; &nbsp; &nbsp; &nbsp; &nbsp; &nbsp; &nbsp; &nbsp; &nbsp; &nbsp; &nbsp; &nbsp; &nbsp; &nbsp; &nbsp; &nbsp; &nbsp; &nbsp; ,, Do You Want to Be My Friend?\u201d &nbsp; &nbsp; &nbsp; &nbsp; &nbsp; &nbsp; &nbsp; &nbsp;Liceul cu Program Sportiv T\u00e2rgu Jiu continu\u0103 implicarea \u00een proiecte educa\u021bionale interna\u021bionale prin participarea la cel de-al doilea\u2026 <span class=\"read-more\"><a href=\"https:\/\/lpstgjiu.ro\/index.php\/twinning\/\">Cite\u0219te mai mult &raquo;<\/a><\/span><\/p>\n","protected":false},"author":2,"featured_media":0,"parent":0,"menu_order":0,"comment_status":"closed","ping_status":"closed","template":"","meta":{"_uag_custom_page_level_css":"","footnotes":""},"class_list":["post-2877","page","type-page","status-publish","hentry"],"uagb_featured_image_src":{"full":false,"thumbnail":false,"medium":false,"medium_large":false,"large":false,"1536x1536":false,"2048x2048":false,"post-thumbnail":false,"excerpt-thumbnail":false,"excerpt-thumbnail-mobile":false,"rpwe-thumbnail":false},"uagb_author_info":{"display_name":"Elena Drig\u0103","author_link":"https:\/\/lpstgjiu.ro\/index.php\/author\/elenadriga\/"},"uagb_comment_info":0,"uagb_excerpt":"&nbsp; &nbsp; &nbsp; &nbsp; &nbsp; &nbsp; &nbsp; &nbsp; &nbsp; &nbsp; &nbsp; &nbsp; &nbsp; &nbsp; &nbsp; &nbsp; &nbsp; &nbsp; &nbsp; &nbsp; &nbsp; &nbsp; ,, Do You Want to Be My Friend?\u201d &nbsp; &nbsp; &nbsp; &nbsp; &nbsp; &nbsp; &nbsp; &nbsp;Liceul cu Program Sportiv T\u00e2rgu Jiu continu\u0103 implicarea \u00een proiecte educa\u021bionale interna\u021bionale prin participarea la cel de-al doilea\u2026&hellip;","_links":{"self":[{"href":"https:\/\/lpstgjiu.ro\/index.php\/wp-json\/wp\/v2\/pages\/2877","targetHints":{"allow":["GET"]}}],"collection":[{"href":"https:\/\/lpstgjiu.ro\/index.php\/wp-json\/wp\/v2\/pages"}],"about":[{"href":"https:\/\/lpstgjiu.ro\/index.php\/wp-json\/wp\/v2\/types\/page"}],"author":[{"embeddable":true,"href":"https:\/\/lpstgjiu.ro\/index.php\/wp-json\/wp\/v2\/users\/2"}],"replies":[{"embeddable":true,"href":"https:\/\/lpstgjiu.ro\/index.php\/wp-json\/wp\/v2\/comments?post=2877"}],"version-history":[{"count":21,"href":"https:\/\/lpstgjiu.ro\/index.php\/wp-json\/wp\/v2\/pages\/2877\/revisions"}],"predecessor-version":[{"id":2912,"href":"https:\/\/lpstgjiu.ro\/index.php\/wp-json\/wp\/v2\/pages\/2877\/revisions\/2912"}],"wp:attachment":[{"href":"https:\/\/lpstgjiu.ro\/index.php\/wp-json\/wp\/v2\/media?parent=2877"}],"curies":[{"name":"wp","href":"https:\/\/api.w.org\/{rel}","templated":true}]}}