{"id":1241,"date":"2022-04-08T09:11:53","date_gmt":"2022-04-08T06:11:53","guid":{"rendered":"http:\/\/lpstgjiu.ro\/?page_id=1241"},"modified":"2025-04-16T11:17:56","modified_gmt":"2025-04-16T08:17:56","slug":"euro-200","status":"publish","type":"page","link":"https:\/\/lpstgjiu.ro\/index.php\/euro-200\/","title":{"rendered":"&#8222;Euro 200&#8221;"},"content":{"rendered":"\n<p class=\"has-text-align-center has-cyan-bluish-gray-background-color has-background has-medium-font-size\"><strong>Anul \u0219colar 2024-2025<\/strong><\/p>\n\n\n\n<div style=\"height:24px\" aria-hidden=\"true\" class=\"wp-block-spacer\"><\/div>\n\n\n\n<div data-wp-interactive=\"core\/file\" class=\"wp-block-file aligncenter\"><object data-wp-bind--hidden=\"!state.hasPdfPreview\" hidden class=\"wp-block-file__embed\" data=\"https:\/\/lpstgjiu.ro\/wp-content\/uploads\/2025\/04\/Calendar-Euro-200-2025.pdf\" type=\"application\/pdf\" style=\"width:100%;height:600px\" aria-label=\"\u00cenglobare pentru Calendar Euro 200 -2025.\"><\/object><a id=\"wp-block-file--media-bfededea-d3b9-4612-96ed-cc0bcc314593\" href=\"https:\/\/lpstgjiu.ro\/wp-content\/uploads\/2025\/04\/Calendar-Euro-200-2025.pdf\">Calendar Euro 200 -2025<\/a><a href=\"https:\/\/lpstgjiu.ro\/wp-content\/uploads\/2025\/04\/Calendar-Euro-200-2025.pdf\" class=\"wp-block-file__button wp-element-button\" download aria-describedby=\"wp-block-file--media-bfededea-d3b9-4612-96ed-cc0bcc314593\">Descarc\u0103<\/a><\/div>\n\n\n\n<div style=\"height:26px\" aria-hidden=\"true\" class=\"wp-block-spacer\"><\/div>\n\n\n\n<p class=\"has-text-align-center has-cyan-bluish-gray-background-color has-background has-medium-font-size\"><strong><em>Anul \u015fcolar 2021-2022<\/em><\/strong><\/p>\n\n\n<p><a href=\"http:\/\/lpstgjiu.ro\/wp-content\/uploads\/2022\/04\/Anunt-acordare-ajutor-financiar-EURO-200.pdf\">\u00a0 \u00a0 \u00a0 \u00a0 \u00a0 \u00a0 \u00a0 \u00a0 \u00a0 \u00a0 \u00a0 Anun\u0163 acordare ajutor financiar EURO 200<\/a><\/p>\n<p><a href=\"http:\/\/lpstgjiu.ro\/wp-content\/uploads\/2022\/04\/Calendar-EURO-200-OME-3020-din-2022.pdf\">\u00a0 \u00a0 \u00a0 \u00a0 \u00a0 \u00a0 \u00a0 \u00a0 \u00a0 \u00a0 \u00a0 Calendar EURO 200, OME 3020 din 2022<\/a><\/p>\n\n\n<p class=\"has-text-align-center\"><em><strong>A N U N T<\/strong><\/em><\/p>\n\n\n\n<p class=\"has-text-align-center has-cyan-bluish-gray-background-color has-background has-medium-font-size\"><strong><em>Anul \u015fcolar 2019-2020<\/em><\/strong><\/p>\n\n\n\n<p class=\"has-text-align-center\"><strong><em>PRIVIND ACORDAREA UNUI AJUTOR &nbsp;FINANCIAR&nbsp; PENTRU ACHIZI\u021aIONAREA DE CALCULATOARE<\/em><\/strong><\/p>\n\n\n\n<p class=\"has-text-align-center\"><strong><em>&nbsp;\u00ceN ANUL 2020 \u2013 PROGRAMUL EURO 200<\/em><\/strong><\/p>\n\n\n\n<p>\u00ceN VEDEREA DEPUNERII CERERII \u0218I A DOCUMENTELOR&nbsp; DOVEDITOARE PENTRU STABILIREA ELIGIBILIT\u0102\u021aII SOLICITANTULUI NU ESTE OBLIGATORIE DEPLASAREA ACESTUIA LA UNITATEA \u0218COLAR\u0102, ACESTEA FIIND ACCEPTATE \u0218I DAC\u0102 SUNT TRANSMISE PRIN PO\u0218T\u0102 SAU ALT MIJLOC DE COMUNICARE P\u00c2N\u0102 PE DATA DE 17 APRILIE 2020<\/p>\n\n\n\n<p><strong>BENEFICIARII ACESTUI PROGRAM SUNT ELEVII \u00ceNV\u0102\u0162\u0102M\u00c2NTULUI DE STAT, CARE PROVIN DIN FAMILII CU VENITURI BRUTE LUNARE&nbsp; DE MAXIMUM 250 LEI PE MEMBRU DE FAMILIE<\/strong><\/p>\n\n\n\n<p><strong>DOCUMENTE &nbsp;NECESARE:<\/strong><\/p>\n\n\n\n<ol class=\"wp-block-list\">\n<li><strong>cererea completat\u0103 de un p\u0103rinte, tutore sau curator, dup\u0103 caz;<\/strong><\/li>\n\n\n\n<li><strong>copie a certificatului de nastere sau a actului de identitate al elevului;<\/strong><\/li>\n\n\n\n<li><strong>copie dup\u0103 actele de identitate al p\u0103rintelui \/ocrotitorului legal, precum \u015fi a actului care s\u0103 dovedeasc\u0103 calitatea de ocrotitor legal , dup\u0103 caz;<\/strong><\/li>\n\n\n\n<li><strong>copii ale certificatelor de nastere sau ale actelor de identitate , dup\u0103 caz, ale celorlal\u0163i membri ai familiei;<\/strong><\/li>\n\n\n\n<li><strong>adeverin\u0163\u0103 de la institu\u0163iile de \u00eenv\u0103\u0163\u0103m\u00e2nt\/unit\u0103\u0163ile din care s\u0103 rezulte calitatea de elev sau student a celorlal\u0163i frati\/surori;<\/strong><\/li>\n\n\n\n<li><strong>&nbsp;acte doveditoare , \u00een original, privind veniturile brute&nbsp; realizate de&nbsp; membrii familiei \u00een luna precedenta depunerii&nbsp; cererii &#8211; &nbsp;MARTIE 2020, exceptie fac\u00e2nd alocatia de stat, alocatia familiala complementara si a alocatiei de sustinere pentru familia monoparental\u0103, bursele de studii, bursele sociale;<\/strong><\/li>\n\n\n\n<li><strong>declaratie pe propria raspundere a p\u0103rintelui , tutorelui , reprezentantului legal sau a ocrotitorului legal, dupa caz, \u00een sensul c\u0103 venitul brut lunar pe membru de familie se \u00eencadreaz\u0103 \u00een plafonul prevazut de art.2 din Legea nr. 269\/2004 \u015fi c\u0103 dispun de diferen\u0163a de bani pentru achizi\u0163ionarea unui calculator cu o configura\u0163ie minim\u0103 standard conform H.G. nr. 225\/2020<\/strong><\/li>\n\n\n\n<li>adeverin\u0163\u0103 eliberat\u0103 de c\u0103tre unitatea scolara din care s\u0103 rezulte media general\u0103 din anul \u015fcolar anterior depunerii cererii pentru acordarea unui ajutor financiar in vederea stimularii achizitionarii de calculatoare.<\/li>\n\n\n\n<li>adeverin\u0163\u0103 eliberat\u0103 de c\u0103tre unitatea de \u00eenv\u0103\u0163\u0103m\u00e2nt din care s\u0103 rezulte num\u0103rul de absen\u0163e nemotivate din anul \u015fcolar anterior depunerii cererii pentru acordarea unui ajutor financiar \u00een vederea stimul\u0103rii achizi\u0163ion\u0103rii de calculatoare.<\/li>\n<\/ol>\n\n\n\n<p><strong>&nbsp;&nbsp;&nbsp;&nbsp;&nbsp;&nbsp;&nbsp;&nbsp; Pe baza cererilor primite, Liceul cu Program Sportiv Tg.-Jiu va sprijini efectuarea anchetelor sociale colabor\u00e2nd cu reprezentan\u021bii prim\u0103riilor sau utiliz\u00e2nd documente doveditoare corespunz\u0103toare din dosarele existente \u00een \u0219coal\u0103 ale elevilor beneficiari de burs\u0103 social\u0103 sau ai programului Bani de liceu.<\/strong><\/p>\n\n\n\n<p class=\"has-text-align-right\"><strong>DIRECTOR,<\/strong><\/p>\n\n\n\n<p class=\"has-text-align-right\"><strong>Prof. Gabriel Adrian R\u0103scol<\/strong><\/p>\n\n\n\n<div style=\"height:25px\" aria-hidden=\"true\" class=\"wp-block-spacer\"><\/div>\n\n\n\n<div data-wp-interactive=\"core\/file\" class=\"wp-block-file aligncenter\"><object data-wp-bind--hidden=\"!state.hasPdfPreview\" hidden class=\"wp-block-file__embed\" data=\"https:\/\/lpstgjiu.ro\/wp-content\/uploads\/2025\/04\/Adresa-depunere-cereri-Euro-200-ISJ-ISMB.pdf\" type=\"application\/pdf\" style=\"width:100%;height:600px\" aria-label=\"\u00cenglobare pentru Adres\u0103-depunere-cereri-Euro-200-ISJ-ISMB.\"><\/object><a id=\"wp-block-file--media-4fd02dec-5531-4a4b-a1d4-b6b0a7dfe60f\" href=\"https:\/\/lpstgjiu.ro\/wp-content\/uploads\/2025\/04\/Adresa-depunere-cereri-Euro-200-ISJ-ISMB.pdf\">Adres\u0103-depunere-cereri-Euro-200-ISJ-ISMB<\/a><a href=\"https:\/\/lpstgjiu.ro\/wp-content\/uploads\/2025\/04\/Adresa-depunere-cereri-Euro-200-ISJ-ISMB.pdf\" class=\"wp-block-file__button wp-element-button\" download aria-describedby=\"wp-block-file--media-4fd02dec-5531-4a4b-a1d4-b6b0a7dfe60f\">Descarc\u0103<\/a><\/div>\n\n\n\n<div style=\"height:22px\" aria-hidden=\"true\" class=\"wp-block-spacer\"><\/div>\n\n\n\n<div class=\"wp-block-file\"><a id=\"wp-block-file--media-17918c33-1382-4b22-bdbc-3b00869521d9\" href=\"https:\/\/lpstgjiu.ro\/wp-content\/uploads\/2025\/04\/Cerere-tip-pentru-programul-200-Euro.doc\">Cerere-tip-pentru-programul-200-Euro<\/a><a href=\"https:\/\/lpstgjiu.ro\/wp-content\/uploads\/2025\/04\/Cerere-tip-pentru-programul-200-Euro.doc\" class=\"wp-block-file__button wp-element-button\" download aria-describedby=\"wp-block-file--media-17918c33-1382-4b22-bdbc-3b00869521d9\">Descarc\u0103<\/a><\/div>\n\n\n\n<div style=\"height:26px\" aria-hidden=\"true\" class=\"wp-block-spacer\"><\/div>\n\n\n\n<div class=\"wp-block-file\"><a id=\"wp-block-file--media-84ad314d-4404-4376-9778-9c61f4e32f76\" href=\"https:\/\/lpstgjiu.ro\/wp-content\/uploads\/2025\/04\/HOTARARE-GUVERN-225-EURO-200.docx\">HOTARARE-GUVERN-225-EURO-200<\/a><a href=\"https:\/\/lpstgjiu.ro\/wp-content\/uploads\/2025\/04\/HOTARARE-GUVERN-225-EURO-200.docx\" class=\"wp-block-file__button wp-element-button\" download aria-describedby=\"wp-block-file--media-84ad314d-4404-4376-9778-9c61f4e32f76\">Descarc\u0103<\/a><\/div>\n","protected":false},"excerpt":{"rendered":"<p>Anul \u0219colar 2024-2025 Anul \u015fcolar 2021-2022 \u00a0 \u00a0 \u00a0 \u00a0 \u00a0 \u00a0 \u00a0 \u00a0 \u00a0 \u00a0 \u00a0 Anun\u0163 acordare ajutor financiar EURO 200 \u00a0 \u00a0 \u00a0 \u00a0 \u00a0 \u00a0 \u00a0 \u00a0 \u00a0 \u00a0 \u00a0 Calendar EURO 200, OME 3020 din 2022 A N U N T Anul \u015fcolar 2019-2020 PRIVIND ACORDAREA UNUI AJUTOR &nbsp;FINANCIAR&nbsp; PENTRU\u2026 <span class=\"read-more\"><a href=\"https:\/\/lpstgjiu.ro\/index.php\/euro-200\/\">Cite\u0219te mai mult &raquo;<\/a><\/span><\/p>\n","protected":false},"author":2,"featured_media":0,"parent":0,"menu_order":0,"comment_status":"closed","ping_status":"closed","template":"","meta":{"_uag_custom_page_level_css":"","footnotes":""},"class_list":["post-1241","page","type-page","status-publish","hentry"],"uagb_featured_image_src":{"full":false,"thumbnail":false,"medium":false,"medium_large":false,"large":false,"1536x1536":false,"2048x2048":false,"post-thumbnail":false,"excerpt-thumbnail":false,"excerpt-thumbnail-mobile":false,"rpwe-thumbnail":false},"uagb_author_info":{"display_name":"Elena Drig\u0103","author_link":"https:\/\/lpstgjiu.ro\/index.php\/author\/elenadriga\/"},"uagb_comment_info":0,"uagb_excerpt":"Anul \u0219colar 2024-2025 Anul \u015fcolar 2021-2022 \u00a0 \u00a0 \u00a0 \u00a0 \u00a0 \u00a0 \u00a0 \u00a0 \u00a0 \u00a0 \u00a0 Anun\u0163 acordare ajutor financiar EURO 200 \u00a0 \u00a0 \u00a0 \u00a0 \u00a0 \u00a0 \u00a0 \u00a0 \u00a0 \u00a0 \u00a0 Calendar EURO 200, OME 3020 din 2022 A N U N T Anul \u015fcolar 2019-2020 PRIVIND ACORDAREA UNUI AJUTOR &nbsp;FINANCIAR&nbsp; PENTRU\u2026&hellip;","_links":{"self":[{"href":"https:\/\/lpstgjiu.ro\/index.php\/wp-json\/wp\/v2\/pages\/1241","targetHints":{"allow":["GET"]}}],"collection":[{"href":"https:\/\/lpstgjiu.ro\/index.php\/wp-json\/wp\/v2\/pages"}],"about":[{"href":"https:\/\/lpstgjiu.ro\/index.php\/wp-json\/wp\/v2\/types\/page"}],"author":[{"embeddable":true,"href":"https:\/\/lpstgjiu.ro\/index.php\/wp-json\/wp\/v2\/users\/2"}],"replies":[{"embeddable":true,"href":"https:\/\/lpstgjiu.ro\/index.php\/wp-json\/wp\/v2\/comments?post=1241"}],"version-history":[{"count":13,"href":"https:\/\/lpstgjiu.ro\/index.php\/wp-json\/wp\/v2\/pages\/1241\/revisions"}],"predecessor-version":[{"id":2360,"href":"https:\/\/lpstgjiu.ro\/index.php\/wp-json\/wp\/v2\/pages\/1241\/revisions\/2360"}],"wp:attachment":[{"href":"https:\/\/lpstgjiu.ro\/index.php\/wp-json\/wp\/v2\/media?parent=1241"}],"curies":[{"name":"wp","href":"https:\/\/api.w.org\/{rel}","templated":true}]}}