{"id":14,"date":"2019-04-22T08:39:20","date_gmt":"2019-04-22T08:39:20","guid":{"rendered":"http:\/\/lpstgjiu.ro\/?page_id=14"},"modified":"2026-03-27T13:27:20","modified_gmt":"2026-03-27T10:27:20","slug":"blog","status":"publish","type":"page","link":"http:\/\/lpstgjiu.ro\/index.php\/blog\/","title":{"rendered":"Oferta educa\u021bional\u0103"},"content":{"rendered":"\n<p><strong>Ziua Por\u021bilor Deschise <\/strong>2026<img decoding=\"async\" height=\"16\" width=\"16\" src=\"https:\/\/static.xx.fbcdn.net\/images\/emoji.php\/v9\/t94\/1\/16\/1f947.png\" alt=\"&#x1f947;\"><img decoding=\"async\" height=\"16\" width=\"16\" src=\"https:\/\/static.xx.fbcdn.net\/images\/emoji.php\/v9\/taf\/1\/16\/26bd.png\" alt=\"&#x26bd;\"><\/p>\n\n\n\n<p><img decoding=\"async\" height=\"16\" width=\"16\" src=\"https:\/\/static.xx.fbcdn.net\/images\/emoji.php\/v9\/taf\/1\/16\/26bd.png\" alt=\"&#x26bd;\"><img decoding=\"async\" height=\"16\" width=\"16\" src=\"https:\/\/static.xx.fbcdn.net\/images\/emoji.php\/v9\/t94\/1\/16\/1f947.png\" alt=\"&#x1f947;\">Liceul cu Program Sportiv T\u00eergu Jiu<img decoding=\"async\" height=\"16\" width=\"16\" src=\"https:\/\/static.xx.fbcdn.net\/images\/emoji.php\/v9\/t94\/1\/16\/1f947.png\" alt=\"&#x1f947;\"><img decoding=\"async\" height=\"16\" width=\"16\" src=\"https:\/\/static.xx.fbcdn.net\/images\/emoji.php\/v9\/taf\/1\/16\/26bd.png\" alt=\"&#x26bd;\"><\/p>\n\n\n\n<figure class=\"wp-block-gallery has-nested-images columns-default is-cropped wp-block-gallery-1 is-layout-flex wp-block-gallery-is-layout-flex\">\n<figure class=\"wp-block-image size-large\"><img fetchpriority=\"high\" decoding=\"async\" width=\"590\" height=\"590\" data-id=\"3199\" src=\"https:\/\/lpstgjiu.ro\/wp-content\/uploads\/2026\/03\/p1.jpg\" alt=\"\" class=\"wp-image-3199\" srcset=\"http:\/\/lpstgjiu.ro\/wp-content\/uploads\/2026\/03\/p1.jpg 590w, http:\/\/lpstgjiu.ro\/wp-content\/uploads\/2026\/03\/p1-300x300.jpg 300w, http:\/\/lpstgjiu.ro\/wp-content\/uploads\/2026\/03\/p1-150x150.jpg 150w, http:\/\/lpstgjiu.ro\/wp-content\/uploads\/2026\/03\/p1-45x45.jpg 45w\" sizes=\"(max-width: 590px) 100vw, 590px\" \/><\/figure>\n\n\n\n<figure class=\"wp-block-image size-large\"><img loading=\"lazy\" decoding=\"async\" width=\"1024\" height=\"1024\" data-id=\"3201\" src=\"https:\/\/lpstgjiu.ro\/wp-content\/uploads\/2026\/03\/p2-1024x1024.jpg\" alt=\"\" class=\"wp-image-3201\" srcset=\"http:\/\/lpstgjiu.ro\/wp-content\/uploads\/2026\/03\/p2-1024x1024.jpg 1024w, http:\/\/lpstgjiu.ro\/wp-content\/uploads\/2026\/03\/p2-300x300.jpg 300w, http:\/\/lpstgjiu.ro\/wp-content\/uploads\/2026\/03\/p2-150x150.jpg 150w, http:\/\/lpstgjiu.ro\/wp-content\/uploads\/2026\/03\/p2-768x768.jpg 768w, http:\/\/lpstgjiu.ro\/wp-content\/uploads\/2026\/03\/p2-1536x1536.jpg 1536w, http:\/\/lpstgjiu.ro\/wp-content\/uploads\/2026\/03\/p2-660x660.jpg 660w, http:\/\/lpstgjiu.ro\/wp-content\/uploads\/2026\/03\/p2-45x45.jpg 45w, http:\/\/lpstgjiu.ro\/wp-content\/uploads\/2026\/03\/p2.jpg 2048w\" sizes=\"(max-width: 1024px) 100vw, 1024px\" \/><\/figure>\n\n\n\n<figure class=\"wp-block-image size-large\"><img loading=\"lazy\" decoding=\"async\" width=\"1024\" height=\"1024\" data-id=\"3202\" src=\"https:\/\/lpstgjiu.ro\/wp-content\/uploads\/2026\/03\/p3-1024x1024.jpg\" alt=\"\" class=\"wp-image-3202\" srcset=\"http:\/\/lpstgjiu.ro\/wp-content\/uploads\/2026\/03\/p3-1024x1024.jpg 1024w, http:\/\/lpstgjiu.ro\/wp-content\/uploads\/2026\/03\/p3-300x300.jpg 300w, http:\/\/lpstgjiu.ro\/wp-content\/uploads\/2026\/03\/p3-150x150.jpg 150w, http:\/\/lpstgjiu.ro\/wp-content\/uploads\/2026\/03\/p3-768x768.jpg 768w, http:\/\/lpstgjiu.ro\/wp-content\/uploads\/2026\/03\/p3-1536x1536.jpg 1536w, http:\/\/lpstgjiu.ro\/wp-content\/uploads\/2026\/03\/p3-660x660.jpg 660w, http:\/\/lpstgjiu.ro\/wp-content\/uploads\/2026\/03\/p3-45x45.jpg 45w, http:\/\/lpstgjiu.ro\/wp-content\/uploads\/2026\/03\/p3.jpg 2048w\" sizes=\"(max-width: 1024px) 100vw, 1024px\" \/><\/figure>\n\n\n\n<figure class=\"wp-block-image size-large\"><img loading=\"lazy\" decoding=\"async\" width=\"1024\" height=\"1024\" data-id=\"3204\" src=\"https:\/\/lpstgjiu.ro\/wp-content\/uploads\/2026\/03\/p4-1024x1024.jpg\" alt=\"\" class=\"wp-image-3204\" srcset=\"http:\/\/lpstgjiu.ro\/wp-content\/uploads\/2026\/03\/p4-1024x1024.jpg 1024w, http:\/\/lpstgjiu.ro\/wp-content\/uploads\/2026\/03\/p4-300x300.jpg 300w, http:\/\/lpstgjiu.ro\/wp-content\/uploads\/2026\/03\/p4-150x150.jpg 150w, http:\/\/lpstgjiu.ro\/wp-content\/uploads\/2026\/03\/p4-768x768.jpg 768w, http:\/\/lpstgjiu.ro\/wp-content\/uploads\/2026\/03\/p4-1536x1536.jpg 1536w, http:\/\/lpstgjiu.ro\/wp-content\/uploads\/2026\/03\/p4-660x660.jpg 660w, http:\/\/lpstgjiu.ro\/wp-content\/uploads\/2026\/03\/p4-45x45.jpg 45w, http:\/\/lpstgjiu.ro\/wp-content\/uploads\/2026\/03\/p4.jpg 2048w\" sizes=\"(max-width: 1024px) 100vw, 1024px\" \/><\/figure>\n\n\n\n<figure class=\"wp-block-image size-large\"><img loading=\"lazy\" decoding=\"async\" width=\"1024\" height=\"1024\" data-id=\"3200\" src=\"https:\/\/lpstgjiu.ro\/wp-content\/uploads\/2026\/03\/p5-1024x1024.jpg\" alt=\"\" class=\"wp-image-3200\" srcset=\"http:\/\/lpstgjiu.ro\/wp-content\/uploads\/2026\/03\/p5-1024x1024.jpg 1024w, http:\/\/lpstgjiu.ro\/wp-content\/uploads\/2026\/03\/p5-300x300.jpg 300w, http:\/\/lpstgjiu.ro\/wp-content\/uploads\/2026\/03\/p5-150x150.jpg 150w, http:\/\/lpstgjiu.ro\/wp-content\/uploads\/2026\/03\/p5-768x768.jpg 768w, http:\/\/lpstgjiu.ro\/wp-content\/uploads\/2026\/03\/p5-1536x1536.jpg 1536w, http:\/\/lpstgjiu.ro\/wp-content\/uploads\/2026\/03\/p5-660x660.jpg 660w, http:\/\/lpstgjiu.ro\/wp-content\/uploads\/2026\/03\/p5-45x45.jpg 45w, http:\/\/lpstgjiu.ro\/wp-content\/uploads\/2026\/03\/p5.jpg 2048w\" sizes=\"(max-width: 1024px) 100vw, 1024px\" \/><\/figure>\n\n\n\n<figure class=\"wp-block-image size-large\"><img loading=\"lazy\" decoding=\"async\" width=\"1024\" height=\"1024\" data-id=\"3203\" src=\"https:\/\/lpstgjiu.ro\/wp-content\/uploads\/2026\/03\/p7-1024x1024.jpg\" alt=\"\" class=\"wp-image-3203\" srcset=\"http:\/\/lpstgjiu.ro\/wp-content\/uploads\/2026\/03\/p7-1024x1024.jpg 1024w, http:\/\/lpstgjiu.ro\/wp-content\/uploads\/2026\/03\/p7-300x300.jpg 300w, http:\/\/lpstgjiu.ro\/wp-content\/uploads\/2026\/03\/p7-150x150.jpg 150w, http:\/\/lpstgjiu.ro\/wp-content\/uploads\/2026\/03\/p7-768x768.jpg 768w, http:\/\/lpstgjiu.ro\/wp-content\/uploads\/2026\/03\/p7-1536x1536.jpg 1536w, http:\/\/lpstgjiu.ro\/wp-content\/uploads\/2026\/03\/p7-660x660.jpg 660w, http:\/\/lpstgjiu.ro\/wp-content\/uploads\/2026\/03\/p7-45x45.jpg 45w, http:\/\/lpstgjiu.ro\/wp-content\/uploads\/2026\/03\/p7.jpg 2048w\" sizes=\"(max-width: 1024px) 100vw, 1024px\" \/><\/figure>\n\n\n\n<figure class=\"wp-block-image size-large\"><img loading=\"lazy\" decoding=\"async\" width=\"1024\" height=\"1024\" data-id=\"3205\" src=\"https:\/\/lpstgjiu.ro\/wp-content\/uploads\/2026\/03\/p8-1024x1024.jpg\" alt=\"\" class=\"wp-image-3205\" srcset=\"http:\/\/lpstgjiu.ro\/wp-content\/uploads\/2026\/03\/p8-1024x1024.jpg 1024w, http:\/\/lpstgjiu.ro\/wp-content\/uploads\/2026\/03\/p8-300x300.jpg 300w, http:\/\/lpstgjiu.ro\/wp-content\/uploads\/2026\/03\/p8-150x150.jpg 150w, http:\/\/lpstgjiu.ro\/wp-content\/uploads\/2026\/03\/p8-768x768.jpg 768w, http:\/\/lpstgjiu.ro\/wp-content\/uploads\/2026\/03\/p8-1536x1536.jpg 1536w, http:\/\/lpstgjiu.ro\/wp-content\/uploads\/2026\/03\/p8-660x660.jpg 660w, http:\/\/lpstgjiu.ro\/wp-content\/uploads\/2026\/03\/p8-45x45.jpg 45w, http:\/\/lpstgjiu.ro\/wp-content\/uploads\/2026\/03\/p8.jpg 2048w\" sizes=\"(max-width: 1024px) 100vw, 1024px\" \/><\/figure>\n\n\n\n<figure class=\"wp-block-image size-large\"><img loading=\"lazy\" decoding=\"async\" width=\"1024\" height=\"1024\" data-id=\"3206\" src=\"https:\/\/lpstgjiu.ro\/wp-content\/uploads\/2026\/03\/p9-1024x1024.jpg\" alt=\"\" class=\"wp-image-3206\" srcset=\"http:\/\/lpstgjiu.ro\/wp-content\/uploads\/2026\/03\/p9-1024x1024.jpg 1024w, http:\/\/lpstgjiu.ro\/wp-content\/uploads\/2026\/03\/p9-300x300.jpg 300w, http:\/\/lpstgjiu.ro\/wp-content\/uploads\/2026\/03\/p9-150x150.jpg 150w, http:\/\/lpstgjiu.ro\/wp-content\/uploads\/2026\/03\/p9-768x768.jpg 768w, http:\/\/lpstgjiu.ro\/wp-content\/uploads\/2026\/03\/p9-1536x1536.jpg 1536w, http:\/\/lpstgjiu.ro\/wp-content\/uploads\/2026\/03\/p9-660x660.jpg 660w, http:\/\/lpstgjiu.ro\/wp-content\/uploads\/2026\/03\/p9-45x45.jpg 45w, http:\/\/lpstgjiu.ro\/wp-content\/uploads\/2026\/03\/p9.jpg 2048w\" sizes=\"(max-width: 1024px) 100vw, 1024px\" \/><\/figure>\n\n\n\n<figure class=\"wp-block-image size-large\"><img loading=\"lazy\" decoding=\"async\" width=\"1024\" height=\"1024\" data-id=\"3207\" src=\"https:\/\/lpstgjiu.ro\/wp-content\/uploads\/2026\/03\/p10-1024x1024.jpg\" alt=\"\" class=\"wp-image-3207\" srcset=\"http:\/\/lpstgjiu.ro\/wp-content\/uploads\/2026\/03\/p10-1024x1024.jpg 1024w, http:\/\/lpstgjiu.ro\/wp-content\/uploads\/2026\/03\/p10-300x300.jpg 300w, http:\/\/lpstgjiu.ro\/wp-content\/uploads\/2026\/03\/p10-150x150.jpg 150w, http:\/\/lpstgjiu.ro\/wp-content\/uploads\/2026\/03\/p10-768x768.jpg 768w, http:\/\/lpstgjiu.ro\/wp-content\/uploads\/2026\/03\/p10-1536x1536.jpg 1536w, http:\/\/lpstgjiu.ro\/wp-content\/uploads\/2026\/03\/p10-660x660.jpg 660w, http:\/\/lpstgjiu.ro\/wp-content\/uploads\/2026\/03\/p10-45x45.jpg 45w, http:\/\/lpstgjiu.ro\/wp-content\/uploads\/2026\/03\/p10.jpg 2048w\" sizes=\"(max-width: 1024px) 100vw, 1024px\" \/><\/figure>\n\n\n\n<figure class=\"wp-block-image size-large\"><img loading=\"lazy\" decoding=\"async\" width=\"1024\" height=\"1024\" data-id=\"3208\" src=\"https:\/\/lpstgjiu.ro\/wp-content\/uploads\/2026\/03\/p11-1024x1024.jpg\" alt=\"\" class=\"wp-image-3208\" srcset=\"http:\/\/lpstgjiu.ro\/wp-content\/uploads\/2026\/03\/p11-1024x1024.jpg 1024w, http:\/\/lpstgjiu.ro\/wp-content\/uploads\/2026\/03\/p11-300x300.jpg 300w, http:\/\/lpstgjiu.ro\/wp-content\/uploads\/2026\/03\/p11-150x150.jpg 150w, http:\/\/lpstgjiu.ro\/wp-content\/uploads\/2026\/03\/p11-768x768.jpg 768w, http:\/\/lpstgjiu.ro\/wp-content\/uploads\/2026\/03\/p11-1536x1536.jpg 1536w, http:\/\/lpstgjiu.ro\/wp-content\/uploads\/2026\/03\/p11-660x660.jpg 660w, http:\/\/lpstgjiu.ro\/wp-content\/uploads\/2026\/03\/p11-45x45.jpg 45w, http:\/\/lpstgjiu.ro\/wp-content\/uploads\/2026\/03\/p11.jpg 2048w\" sizes=\"(max-width: 1024px) 100vw, 1024px\" \/><\/figure>\n<\/figure>\n\n\n\n<div data-wp-interactive=\"core\/file\" class=\"wp-block-file\"><object data-wp-bind--hidden=\"!state.hasPdfPreview\" hidden class=\"wp-block-file__embed\" data=\"https:\/\/lpstgjiu.ro\/wp-content\/uploads\/2026\/02\/Clasa-pregatitoare-pliant-2026-2027.pdf\" type=\"application\/pdf\" style=\"width:100%;height:600px\" aria-label=\"\u00cenglobare pentru Clasa  preg\u0103titoare pliant 2026-2027.\"><\/object><a id=\"wp-block-file--media-25d2ce2f-50a2-43d4-b9e1-f36f0c514e01\" href=\"https:\/\/lpstgjiu.ro\/wp-content\/uploads\/2026\/02\/Clasa-pregatitoare-pliant-2026-2027.pdf\">Clasa  preg\u0103titoare pliant 2026-2027<\/a><a href=\"https:\/\/lpstgjiu.ro\/wp-content\/uploads\/2026\/02\/Clasa-pregatitoare-pliant-2026-2027.pdf\" class=\"wp-block-file__button wp-element-button\" download aria-describedby=\"wp-block-file--media-25d2ce2f-50a2-43d4-b9e1-f36f0c514e01\">Descarc\u0103<\/a><\/div>\n\n\n\n<div class=\"wp-block-file aligncenter\"><a id=\"wp-block-file--media-3e3f5b73-2492-4981-9d85-ed28b50cba87\" href=\"https:\/\/lpstgjiu.ro\/wp-content\/uploads\/2025\/04\/ZIUA-PORTILOR-DESCHISE-2025-1.jpeg\"><img loading=\"lazy\" decoding=\"async\" width=\"550\" height=\"771\" class=\"wp-image-1898\" style=\"width: 550px;\" src=\"http:\/\/lpstgjiu.ro\/wp-content\/uploads\/2025\/04\/ZIUA-PORTILOR-DESCHISE-2025-1.jpeg\" alt=\"ZIUA POR\u021aILOR DESCHISE\" srcset=\"http:\/\/lpstgjiu.ro\/wp-content\/uploads\/2025\/04\/ZIUA-PORTILOR-DESCHISE-2025-1.jpeg 715w, http:\/\/lpstgjiu.ro\/wp-content\/uploads\/2025\/04\/ZIUA-PORTILOR-DESCHISE-2025-1-214x300.jpeg 214w\" sizes=\"(max-width: 550px) 100vw, 550px\" \/><\/a><a href=\"https:\/\/lpstgjiu.ro\/wp-content\/uploads\/2025\/04\/ZIUA-PORTILOR-DESCHISE-2025-1.jpeg\" class=\"wp-block-file__button wp-element-button\" download aria-describedby=\"wp-block-file--media-3e3f5b73-2492-4981-9d85-ed28b50cba87\">Download<\/a><\/div>\n\n\n\n<p class=\"has-text-align-center has-medium-font-size\"><strong>Liceul cu Program Sportiv T\u00e2rgu Jiu invit\u0103 p\u0103rin\u0163ii \u015fi viitorii \u015fcolari la &#8222;Ziua Por\u0163ilor Deschise&#8221;, joi, 27 aprilie 2023, \u00eentre orele 12.00-17.00.<\/strong><\/p>\n\n\n\n<p class=\"has-text-align-center has-medium-font-size\"><strong>V\u0103 a\u015ftept\u0103m cu drag!<\/strong><\/p>\n\n\n<div class=\"wp-block-image\">\n<figure class=\"aligncenter size-full\"><img loading=\"lazy\" decoding=\"async\" width=\"1024\" height=\"688\" src=\"https:\/\/lpstgjiu.ro\/wp-content\/uploads\/2025\/04\/Ziua-portilor-deschise-2023-1.jpg\" alt=\"\" class=\"wp-image-2047\" srcset=\"http:\/\/lpstgjiu.ro\/wp-content\/uploads\/2025\/04\/Ziua-portilor-deschise-2023-1.jpg 1024w, http:\/\/lpstgjiu.ro\/wp-content\/uploads\/2025\/04\/Ziua-portilor-deschise-2023-1-300x202.jpg 300w, http:\/\/lpstgjiu.ro\/wp-content\/uploads\/2025\/04\/Ziua-portilor-deschise-2023-1-768x516.jpg 768w\" sizes=\"(max-width: 1024px) 100vw, 1024px\" \/><\/figure>\n<\/div>\n\n\n<div style=\"height:26px\" aria-hidden=\"true\" class=\"wp-block-spacer\"><\/div>\n\n\n\n<div data-wp-interactive=\"core\/file\" class=\"wp-block-file aligncenter\"><object data-wp-bind--hidden=\"!state.hasPdfPreview\" hidden class=\"wp-block-file__embed\" data=\"https:\/\/lpstgjiu.ro\/wp-content\/uploads\/2025\/04\/Inscriere-clasa-pregatitoare-2023-2024.pdf\" type=\"application\/pdf\" style=\"width:100%;height:600px\" aria-label=\"\u00cenglobare pentru Inscriere-clasa-pregatitoare-2023-2024.\"><\/object><a id=\"wp-block-file--media-38e8488e-1d91-4c27-a7c5-a4dd5f7df204\" href=\"https:\/\/lpstgjiu.ro\/wp-content\/uploads\/2025\/04\/Inscriere-clasa-pregatitoare-2023-2024.pdf\">Inscriere-clasa-pregatitoare-2023-2024<\/a><a href=\"https:\/\/lpstgjiu.ro\/wp-content\/uploads\/2025\/04\/Inscriere-clasa-pregatitoare-2023-2024.pdf\" class=\"wp-block-file__button wp-element-button\" download aria-describedby=\"wp-block-file--media-38e8488e-1d91-4c27-a7c5-a4dd5f7df204\">Descarc\u0103<\/a><\/div>\n\n\n\n<div style=\"height:25px\" aria-hidden=\"true\" class=\"wp-block-spacer\"><\/div>\n\n\n\n<div data-wp-interactive=\"core\/file\" class=\"wp-block-file\"><object data-wp-bind--hidden=\"!state.hasPdfPreview\" hidden class=\"wp-block-file__embed\" data=\"https:\/\/lpstgjiu.ro\/wp-content\/uploads\/2025\/04\/Pliant-PREGATITOARE-2023.pdf\" type=\"application\/pdf\" style=\"width:100%;height:600px\" aria-label=\"\u00cenglobare pentru Pliant-PREGATITOARE 2023.\"><\/object><a id=\"wp-block-file--media-562202e9-c8a0-4ecd-9d90-87be4abfa274\" href=\"https:\/\/lpstgjiu.ro\/wp-content\/uploads\/2025\/04\/Pliant-PREGATITOARE-2023.pdf\">Pliant-PREGATITOARE 2023<\/a><a href=\"https:\/\/lpstgjiu.ro\/wp-content\/uploads\/2025\/04\/Pliant-PREGATITOARE-2023.pdf\" class=\"wp-block-file__button wp-element-button\" download aria-describedby=\"wp-block-file--media-562202e9-c8a0-4ecd-9d90-87be4abfa274\">Descarc\u0103<\/a><\/div>\n\n\n\n<div style=\"height:27px\" aria-hidden=\"true\" class=\"wp-block-spacer\"><\/div>\n\n\n\n<p class=\"has-medium-font-size\"><strong>Ofert\u0103 Clasa preg\u0103titoare<\/strong> <strong>2022-2023<\/strong><\/p>\n\n\n\n<figure class=\"wp-block-video\"><video height=\"720\" style=\"aspect-ratio: 960 \/ 720;\" width=\"960\" controls src=\"https:\/\/lpstgjiu.ro\/wp-content\/uploads\/2022\/03\/Clasa-pregatitoare-2022-2023.mp4\"><\/video><\/figure>\n\n\n\n<div style=\"height:36px\" aria-hidden=\"true\" class=\"wp-block-spacer\"><\/div>\n\n\n\n<figure class=\"wp-block-gallery has-nested-images columns-default is-cropped wp-block-gallery-2 is-layout-flex wp-block-gallery-is-layout-flex\">\n<figure class=\"wp-block-image size-large\"><img loading=\"lazy\" decoding=\"async\" width=\"663\" height=\"1024\" data-id=\"1219\" src=\"http:\/\/lpstgjiu.ro\/wp-content\/uploads\/2022\/04\/Afis-Ziua-portilor-deschise-2022-3-663x1024.jpg\" alt=\"\" class=\"wp-image-1219\" srcset=\"http:\/\/lpstgjiu.ro\/wp-content\/uploads\/2022\/04\/Afis-Ziua-portilor-deschise-2022-3-663x1024.jpg 663w, http:\/\/lpstgjiu.ro\/wp-content\/uploads\/2022\/04\/Afis-Ziua-portilor-deschise-2022-3-194x300.jpg 194w, http:\/\/lpstgjiu.ro\/wp-content\/uploads\/2022\/04\/Afis-Ziua-portilor-deschise-2022-3-768x1187.jpg 768w, http:\/\/lpstgjiu.ro\/wp-content\/uploads\/2022\/04\/Afis-Ziua-portilor-deschise-2022-3-994x1536.jpg 994w, http:\/\/lpstgjiu.ro\/wp-content\/uploads\/2022\/04\/Afis-Ziua-portilor-deschise-2022-3-1325x2048.jpg 1325w, http:\/\/lpstgjiu.ro\/wp-content\/uploads\/2022\/04\/Afis-Ziua-portilor-deschise-2022-3-scaled.jpg 1656w\" sizes=\"(max-width: 663px) 100vw, 663px\" \/><\/figure>\n<\/figure>\n\n\n\n<hr class=\"wp-block-separator has-css-opacity\"\/>\n\n\n\n<figure class=\"wp-block-image size-full\"><img loading=\"lazy\" decoding=\"async\" width=\"1019\" height=\"720\" src=\"https:\/\/lpstgjiu.ro\/wp-content\/uploads\/2025\/04\/Oferta-educationala-clasa-pregatitoare-2020-2021.jpg\" alt=\"\" class=\"wp-image-2144\" srcset=\"http:\/\/lpstgjiu.ro\/wp-content\/uploads\/2025\/04\/Oferta-educationala-clasa-pregatitoare-2020-2021.jpg 1019w, http:\/\/lpstgjiu.ro\/wp-content\/uploads\/2025\/04\/Oferta-educationala-clasa-pregatitoare-2020-2021-300x212.jpg 300w, http:\/\/lpstgjiu.ro\/wp-content\/uploads\/2025\/04\/Oferta-educationala-clasa-pregatitoare-2020-2021-768x543.jpg 768w\" sizes=\"(max-width: 1019px) 100vw, 1019px\" \/><\/figure>\n\n\n\n<p><\/p>\n","protected":false},"excerpt":{"rendered":"<p>Ziua Por\u021bilor Deschise 2026 Liceul cu Program Sportiv T\u00eergu Jiu Liceul cu Program Sportiv T\u00e2rgu Jiu invit\u0103 p\u0103rin\u0163ii \u015fi viitorii \u015fcolari la &#8222;Ziua Por\u0163ilor Deschise&#8221;, joi, 27 aprilie 2023, \u00eentre orele 12.00-17.00. V\u0103 a\u015ftept\u0103m cu drag! Ofert\u0103 Clasa preg\u0103titoare 2022-2023<\/p>\n","protected":false},"author":1,"featured_media":0,"parent":0,"menu_order":0,"comment_status":"closed","ping_status":"closed","template":"","meta":{"_uag_custom_page_level_css":"","footnotes":""},"class_list":["post-14","page","type-page","status-publish","hentry"],"uagb_featured_image_src":{"full":false,"thumbnail":false,"medium":false,"medium_large":false,"large":false,"1536x1536":false,"2048x2048":false,"post-thumbnail":false,"excerpt-thumbnail":false,"excerpt-thumbnail-mobile":false,"rpwe-thumbnail":false},"uagb_author_info":{"display_name":"Liana Popovici","author_link":"http:\/\/lpstgjiu.ro\/index.php\/author\/vuddxbj7cn\/"},"uagb_comment_info":0,"uagb_excerpt":"Ziua Por\u021bilor Deschise 2026 Liceul cu Program Sportiv T\u00eergu Jiu Liceul cu Program Sportiv T\u00e2rgu Jiu invit\u0103 p\u0103rin\u0163ii \u015fi viitorii \u015fcolari la &#8222;Ziua Por\u0163ilor Deschise&#8221;, joi, 27 aprilie 2023, \u00eentre orele 12.00-17.00. V\u0103 a\u015ftept\u0103m cu drag! Ofert\u0103 Clasa preg\u0103titoare 2022-2023","_links":{"self":[{"href":"http:\/\/lpstgjiu.ro\/index.php\/wp-json\/wp\/v2\/pages\/14","targetHints":{"allow":["GET"]}}],"collection":[{"href":"http:\/\/lpstgjiu.ro\/index.php\/wp-json\/wp\/v2\/pages"}],"about":[{"href":"http:\/\/lpstgjiu.ro\/index.php\/wp-json\/wp\/v2\/types\/page"}],"author":[{"embeddable":true,"href":"http:\/\/lpstgjiu.ro\/index.php\/wp-json\/wp\/v2\/users\/1"}],"replies":[{"embeddable":true,"href":"http:\/\/lpstgjiu.ro\/index.php\/wp-json\/wp\/v2\/comments?post=14"}],"version-history":[{"count":26,"href":"http:\/\/lpstgjiu.ro\/index.php\/wp-json\/wp\/v2\/pages\/14\/revisions"}],"predecessor-version":[{"id":3211,"href":"http:\/\/lpstgjiu.ro\/index.php\/wp-json\/wp\/v2\/pages\/14\/revisions\/3211"}],"wp:attachment":[{"href":"http:\/\/lpstgjiu.ro\/index.php\/wp-json\/wp\/v2\/media?parent=14"}],"curies":[{"name":"wp","href":"https:\/\/api.w.org\/{rel}","templated":true}]}}